{"id":44401,"date":"2026-03-27T08:35:28","date_gmt":"2026-03-27T00:35:28","guid":{"rendered":"https:\/\/customreflectivevestfactory.com\/index.php\/product\/smasys-outdoor-black-safety-raincoat-set-with-high-visibility-reflective-tape\/"},"modified":"2026-04-14T15:03:23","modified_gmt":"2026-04-14T07:03:23","slug":"outdoor-black-safety-raincoat-set-with-high-visibility-reflective-tape-sd-yyd-2903","status":"publish","type":"product","link":"https:\/\/customreflectivevestfactory.com\/index.php\/product\/outdoor-black-safety-raincoat-set-with-high-visibility-reflective-tape-sd-yyd-2903\/","title":{"rendered":"Outdoor Black Safety Raincoat Set with High Visibility Reflective Tape-(SD-YYD-2903)"},"content":{"rendered":"<p>&nbsp;<\/p>\n<p class=\"MsoNormal\"><!-- [if !supportLists]--><\/p>\n<ul>\n<li><span style=\"font-family: \u00cb\u00ce\u00cc\u00e5;\">\u3010<\/span>HIGH VISIBILITY AND REFLECTIVITY<span style=\"font-family: \u00cb\u00ce\u00cc\u00e5;\">\u3011\u00a0<\/span><span style=\"font-family: Arial;\">The Safety Rain Jacket and Pants has 2 vertical and 1 horizontal 2-inche wide reflective strips with 3 inch contrast fabric to cover the waist, chest, shoulders, back respectively, and two 2-inch wide reflective stripes with 3 inch contrast fabric on each sleeve and additional 2 strips on each leg, which can provide 360\u00b0 protection, improve the visibility of the jacket, make you stand out easily, and maximize the visibility and safety of the wearer.<\/span><\/li>\n<li class=\"MsoNormal\"><span style=\"font-family: \u00cb\u00ce\u00cc\u00e5;\">\u3010<\/span> MATERIAL<span style=\"font-family: \u00cb\u00ce\u00cc\u00e5;\">\u3011\u00a0<\/span><span style=\"font-family: Arial;\">The outer material of the rain gear is <\/span><span style=\"font-family: Arial;\">300<\/span>-D Oxford fabric, known for its durability against scratching and resistance to pilling. The inner is mesh fabric. It serves as a cushioned layer to minimize chafing and irritation, while also helping to increase airflow and dissipate excess body heat, keeping you comfortable.<\/li>\n<li><!-- [if !supportLists]--><span style=\"font-family: \u00cb\u00ce\u00cc\u00e5;\">\u3010<\/span>DESIGN<span style=\"font-family: \u00cb\u00ce\u00cc\u00e5;\">\u3011\u00a0<\/span><span style=\"font-family: Arial;\">The HV waterproof raincoat is designed with a high-standing collar, a stackable hood in the collar and drawstrings. Additionally, it features two large, deep pockets with Velcro flaps at the hem, offering ample storage space. Our safety jacket has a concealed front high-quality zipper closure, which is strong and smooth, and 2 mic tabs on the shoulders for easy wearing of a walkie-talkie.<\/span><\/li>\n<li class=\"MsoNormal\"><span style=\"font-family: \u00cb\u00ce\u00cc\u00e5;\">\u3010<\/span>FULL SIZE<span style=\"font-family: \u00cb\u00ce\u00cc\u00e5;\">\u3011<\/span><span style=\"font-family: Arial;\">The size of the hi-vis safety jackets is suitable for a wide range of people. There are 6 sizes, including S\/M\/L\/XL\/2XL\/3XL. The color is black. We suggest you buy according to your daily wearing habits. This water-resistant safety apparel is made from weather-resistant coated fabric with sealed seams.<\/span><\/li>\n<\/ul>\n<p><img decoding=\"async\" src=\"https:\/\/smasys-safety.com\/cdn\/shop\/files\/20251010140110_1120_52.png\" \/><\/p>\n<p><img decoding=\"async\" src=\"https:\/\/smasys-safety.com\/cdn\/shop\/files\/18.png\" \/><\/p>\n<p><img decoding=\"async\" src=\"https:\/\/smasys-safety.com\/cdn\/shop\/files\/11_281fd6c0-2ed3-4905-9aca-548bed25b9b1.png\" \/><\/p>\n<p><strong>Shipping Policy<\/strong><\/p>\n<p>Standard Shipping Time:<br \/>\nNorth America, Europe, Asia, Oceania 7-15 days<br \/>\nSouth America, Africa 15-30 days<\/p>\n<p>Shipping costs are determined by product weight and delivery destination.<\/p>\n<ul>\n<li><strong>U.S. Orders<\/strong>: Free shipping on orders over $300 USD.<\/li>\n<li><strong>International Orders (Outside U.S.)<\/strong>: Free shipping on orders over $100 USD.<\/li>\n<\/ul>\n<p><em>Note: Exact shipping fees will be calculated at checkout based on your location and order details.<\/em><\/p>\n<p>&nbsp;<\/p>\n<p>To begin your return process, you can reach our helpful Customer Support team standing by to assist via email or live chat (before returning the item).<br \/>\nAll return and refund requests made within 30 days of being delivered will be promptly investigated to give you the fastest response.<\/p>\n<p>For details, please see our Return Policy<\/p>\n<p>&nbsp;<\/p>\n<p><strong>The Easy Imprinting Process: Here Is What To Expect<\/strong><\/p>\n<ul>\n<li><strong>Step 1 &#8211;\u00a0Imprint Proof &#8211; <\/strong>Our design team will add your company name or logo to an imprint proof of your selected items. This allows you the opportunity to preview and approve the appearance of your logo on the garment prior to starting production.<\/li>\n<li><strong>Step 2 &#8211; Logo Application &#8211; <\/strong>With your approval to proceed, the imprint production team will apply your logo based on the selected imprint style; using the industry\u2019s top equipment and\u00a0top grade\u00a0imprint materials.\u00a0Your logo will be permanently\u00a0added to each garment and will look its brightest on your new high visibility work gear.<\/li>\n<li><strong>Step 3 &#8211; Quality Check &#8211; <\/strong>Each garment goes through a 3-step quality assurance process, at each step of the imprint production process, to guarantee the quality of the garment, placement of the logo application, and overall accuracy of the finished product.<\/li>\n<li><strong>Step 4 &#8211; Delivery &#8211; <\/strong>After passing final inspection, your imprint order will be packaged to protect it for the journey from our warehouse to your shipping address. We will quickly ship your order to get your team looking their best.<\/li>\n<li><strong>Note<\/strong>: If we do not receive confirmation within 3 business days, we will proceed with our default customization for your text\/logo. (Default standard: Centered, with custom content occupying approximately 2\/3 of the garment&#8217;s width)<\/li>\n<\/ul>\n<p>&nbsp;<\/p>\n<p>&nbsp;<\/p>\n<p>&nbsp;<\/p>\n","protected":false},"excerpt":{"rendered":"<p>&nbsp; \u3010HIGH VISIBILITY AND REFLECTIVITY\u3011\u00a0The Safety Rain Jacket and Pants has 2 vertical and 1 horizontal 2-inche wide reflective strips with 3 inch contrast fabric to cover the waist, chest, shoulders, back respectively, and two 2-inch wide reflective stripes with 3 inch contrast fabric on each sleeve and additional 2 strips on each leg, which [&hellip;]<\/p>\n","protected":false},"featured_media":44390,"comment_status":"closed","ping_status":"closed","template":"","meta":[],"product_brand":[],"product_cat":[62,27],"product_tag":[63],"class_list":{"0":"post-44401","1":"product","2":"type-product","3":"status-publish","4":"has-post-thumbnail","6":"product_cat-hi-vis-safety-rainwear","7":"product_cat-hi-vis-clothing","8":"product_tag-hi-vis-safety-rainwear","10":"first","11":"instock","12":"sale","13":"taxable","14":"shipping-taxable","15":"purchasable","16":"product-type-variable"},"_links":{"self":[{"href":"https:\/\/customreflectivevestfactory.com\/index.php\/wp-json\/wp\/v2\/product\/44401","targetHints":{"allow":["GET"]}}],"collection":[{"href":"https:\/\/customreflectivevestfactory.com\/index.php\/wp-json\/wp\/v2\/product"}],"about":[{"href":"https:\/\/customreflectivevestfactory.com\/index.php\/wp-json\/wp\/v2\/types\/product"}],"replies":[{"embeddable":true,"href":"https:\/\/customreflectivevestfactory.com\/index.php\/wp-json\/wp\/v2\/comments?post=44401"}],"wp:featuredmedia":[{"embeddable":true,"href":"https:\/\/customreflectivevestfactory.com\/index.php\/wp-json\/wp\/v2\/media\/44390"}],"wp:attachment":[{"href":"https:\/\/customreflectivevestfactory.com\/index.php\/wp-json\/wp\/v2\/media?parent=44401"}],"wp:term":[{"taxonomy":"product_brand","embeddable":true,"href":"https:\/\/customreflectivevestfactory.com\/index.php\/wp-json\/wp\/v2\/product_brand?post=44401"},{"taxonomy":"product_cat","embeddable":true,"href":"https:\/\/customreflectivevestfactory.com\/index.php\/wp-json\/wp\/v2\/product_cat?post=44401"},{"taxonomy":"product_tag","embeddable":true,"href":"https:\/\/customreflectivevestfactory.com\/index.php\/wp-json\/wp\/v2\/product_tag?post=44401"}],"curies":[{"name":"wp","href":"https:\/\/api.w.org\/{rel}","templated":true}]}}